mmon divisor of v and 32.
32
Let c be ((-13)/3)/(7/(-126)). What is the highest common factor of 52 and c?
26
Suppose -4*a = 0, l - 4*a = -2 + 6. Let n be 1 + -2 + 7 + 0. What is the highest common divisor of l and n?
2
Let r(n) = n - 2. Let b be (4 - -1)*9/5. Let h be r(b). Calculate the greatest common factor of h and 49.
7
Suppose 0 = -5*b + 6*b - 85. What is the greatest common divisor of b and 17?
17
Let p(l) = -11*l - 129. Let z be p(-24). Calculate the greatest common factor of z and 27.
27
Suppose 0 = 7*y + 15 - 22. Suppose -3*w + 45 = 2*w. What is the highest common divisor of w and y?
1
Suppose 5*g = 7*g - 152. Let v = g + -26. What is the greatest common factor of 25 and v?
25
Let k be (-4)/(((-6)/40)/(180/75)). Calculate the highest common divisor of k and 8.
8
Let o be ((-8)/2)/2 + 58. Suppose -2*j + 16 = o. Let h = 36 + j. What is the greatest common factor of 16 and h?
16
Let z = 9 + -14. Let r = 12 + z. Calculate the highest common factor of r and 35.
7
Let l = 1 + 0. Let s = l - -79. What is the highest common divisor of s and 10?
10
Suppose -2*u = -o - 5*u + 11, -u = 4*o - 11. Let p(n) = n**3 + 9*n**2 + 7*n + 2. Let m be p(-8). Calculate the greatest common divisor of m and o.
2
Suppose -r + 2*r = -2*k - 5, -r = -k - 10. Suppose 2*c + 26 = r*f - 69, 4*f - 3*c = 69. Suppose -f = -2*p - p. What is the highest common factor of 35 and p?
7
Let a(f) = -f - 4. Let h be a(-6). Suppose 41 = 3*k + 4*z, 2*z + 3 = k - h*z. Suppose 2*l - 65 = -21. What is the greatest common divisor of l and k?
11
Suppose 4*y + 166 = 5*n, 0 = -4*n - 2*y + 4*y + 128. Let i be (9/(-2))/((-15)/20). What is the greatest common factor of i and n?
6
Suppose 2*n + 72 = -n. Let d = 42 + n. What is the highest common factor of d and 72?
18
Let s = 17 + 60. Let q = -40 - -47. Calculate the greatest common divisor of s and q.
7
Let w = -21 + 34. Let j be (-445)/15 - (-2)/(-6). Let z = 9 - j. Calculate the greatest common factor of z and w.
13
Let w(m) = -m**2 - 5*m - 3. Let y be w(-5). Let t be (y/(-1) + 1)/2. Suppose -65 = -5*s + x, -s - 5*x = 4*s - 95. What is the highest common divisor of t and s?
2
Suppose 5*c + 31 = -29. Let o be c/8*44/(-6). Let g(d) = d**2 + 6. Let p be g(-7). Calculate the highest common factor of o and p.
11
Suppose -5*a + 35 = -4*f, 5*a - 2*a + 5*f + 16 = 0. Suppose -8 - 10 = -a*v. Calculate the highest common factor of 66 and v.
6
Let g(s) be the first derivative of s**3/3 + 3*s**2 - 1. Let z be g(-10). Let t be 50/4*(-8)/(-10). What is the greatest common factor of t and z?
10
Let r be (4 - -1) + (8 - 9). Calculate the greatest common factor of 20 and r.
4
Suppose -23 = -2*j + 33. Calculate the greatest common factor of j and 7.
7
Suppose -41 = -2*v - 11. Let m = -10 + 15. Calculate the highest common factor of m and v.
5
Suppose -5*a + 3*a = -10, -3*j + 51 = -3*a. Suppose 3*k - 3*x = -0*x + 102, 2*k = 3*x + 69. Calculate the highest common factor of k and j.
11
Let w(g) = g**2 + 4. Let d be w(-3). What is the greatest common factor of 26 and d?
13
Let l = 1 - -13. Let i(t) = 58*t + 6. Let o be i(5). Suppose 2*d + 2*d = 5*h - o, -3*d - 12 = 0. What is the highest common factor of l and h?
14
Let g(h) = -h + 10. Let w be g(7). Suppose 39 = w*n - 0*n. Suppose -10 = -4*c + 42. Calculate the highest common factor of n and c.
13
Suppose -v = 1 - 3. Suppose v*l - 75 = -l. Suppose -3*s + 3*a = -18, -4*s = -0*s - a - 36. Calculate the greatest common factor of l and s.
5
Let n = -3 + 8. Let z = -4 + n. Let w be -2 + (12 - z)/1. What is the greatest common divisor of w and 99?
9
Let z(d) = 4*d**3 + d**2 + 2*d - 4. Let m be z(2). What is the highest common factor of 4 and m?
4
Let x be 64 - (2 - 4/2). What is the highest common factor of x and 16?
16
Let p = -8 + 11. Suppose -3*i - p*b = -b - 27, 4*b = -2*i + 10. What is the greatest common factor of 11 and i?
11
Let k be (-1 + -14)*(-1 - 1). Let q be ((-162)/(-15))/(9/k). What is the highest common factor of 4 and q?
4
Suppose 4*t - 2*t = 0. Suppose 4*j - 155 - 105 = t. Let c = -20 + 46. Calculate the greatest common factor of j and c.
13
Let a be (-750)/(-225)*(-1 + 77/2). Calculate the greatest common divisor of 25 and a.
25
Let y be (-140)/15 + 4/(-6). Let a be (-166)/y - (-9)/(-15). Calculate the highest common factor of 16 and a.
16
Let m(g) = g + 1. Let r be m(3). Calculate the greatest common factor of 40 and r.
4
Let f be ((-51)/3)/((-2)/10). What is the highest common divisor of 51 and f?
17
Let z(b) = 2*b + 18. Let h be z(-12). Let w be h/27 + 3766/18. Calculate the greatest common divisor of 19 and w.
19
Let d(v) = v**3 - 3*v**2 - 4*v + 4. Let o be d(4). Suppose 5*h = 3*l + 41, 5*l = 17 - 2. Calculate the greatest common divisor of h and o.
2
Suppose 3*s - 72 = -j + 7*s, 2*j - s = 123. Suppose j = 5*q - 0. Let v be (5*-2)/(3/(-9)). Calculate the greatest common factor of q and v.
6
Suppose 0 = -2*a + 5*a - 3. Let n be a*(-4)/8*-6. Calculate the greatest common factor of 6 and n.
3
Suppose 28 = -4*y + 116. Suppose 0 = -3*u + 32 + y. What is the greatest common factor of u and 12?
6
Suppose 5*z - 4*v = 627 + 3466, v = -2*z + 1632. Suppose -5*y + 3022 = z. Let a = y - 279. Calculate the highest common divisor of 18 and a.
18
Suppose 3*m - 4*x = 41, 4*m = 4*x + 82 - 30. What is the greatest common divisor of m and 121?
11
Let j be (14/4)/((-4)/(-8)). Let h = 4 - -31. Suppose -2*s + h = -s. Calculate the highest common factor of j and s.
7
Suppose 5*d - 62 = n, -5*d + 64 = -2*n - 0*n. Let q be 7 + 1 + 2 + -2. Let m = d - q. Calculate the greatest common divisor of m and 28.
4
Let y(t) = -14*t + 13. Let c be y(-4). Calculate the highest common factor of c and 46.
23
Let m = -3 + 8. Suppose 0*w + 85 = m*w - 2*d, 10 = 2*w + 4*d. What is the highest common factor of 3 and w?
3
Suppose 5*m - 2*r - 431 - 1633 = 0, -4*r - 402 = -m. Calculate the highest common divisor of m and 46.
46
Suppose o - 5*v = 44, 56 = 4*o + v - 36. Suppose 2*i = -0*i + 16. What is the highest common factor of i and o?
8
Let w = -11 - -7. Let m(c) = -6*c - 2. Let t be m(w). What is the greatest common factor of 11 and t?
11
Let r = 9 - 7. Suppose r*m - 4*j + 14 = 0, 0 = 2*m - 0*j + j + 34. Let b be (-3 - m) + -2 + 2. Calculate the highest common factor of 132 and b.
12
Let g be (-5)/5 - 2 - -5. What is the highest common divisor of 2 and g?
2
Let c(s) = s**3 - 2*s**2 - s + 7. Let t be c(4). Let b = 8 + -3. What is the greatest common factor of b and t?
5
Let c = -47 - -73. What is the greatest common divisor of c and 182?
26
Let x(p) = -p**3 + 4*p**2 - p + 5. Let k be x(4). Let f be 6/(-10) - ((-774)/(-10))/(-9). Calculate the highest common divisor of f and k.
1
Let o = 44 - 26. Let w = 2745 - 1833. Suppose 64 = 3*d + 2*q - 470, -4*q = -5*d + w. Calculate the highest common divisor of d and o.
18
Let j = 18 - 4. Let r(o) = o**3 + 8*o**2 - 2*o + 7. Let h be r(-7). Calculate the greatest common factor of h and j.
14
Let r be ((-6)/(-9))/(12/252). What is the greatest common factor of r and 14?
14
Let n(r) = 2*r - 7. Let k be (-1 - -2)*-5*-1. Let l be n(k). Suppose -2*w + 2*s = -0 + 2, 19 = 5*w + l*s. Calculate the greatest common divisor of 1 and w.
1
Let m = -59 + 137. Calculate the greatest common divisor of m and 6.
6
Suppose 0 = 179*p - 164*p - 60. Let k = 9 - 3. Calculate the greatest common factor of k and p.
2
Let y(m) = m - 2. Let x be y(5). Suppose -o - 2 = -x*q, -4*o + 4*q = -0 - 16. What is the highest common factor of 14 and o?
7
Suppose 5*m = 4*l - 463, 138 = -4*l + 3*m + 595. Let s(u) = -2*u - 2. Let b be s(-3). Suppose 0*x - b*x = -56. Calculate the highest common factor of l and x.
14
Let b = 229 + -217. Let i be (-3)/((-6)/(-16))*-1. Calculate the highest common factor of b and i.
4
Suppose -15 = -u - 5*w, 6*u = 2*u + w + 39. Calculate the greatest common divisor of u and 45.
5
Let s(j) = j + 2. Let l be s(-6). Let x be 42/l*(-4)/3. Let h(v) = -v**3 + 7*v**2 - 2*v + 28. Let n be h(7). What is the highest common divisor of x and n?
14
Let i = 0 - 0. Let u = i - 0. Suppose 4*g - 270 = 2*b, -2*b = -g - u*b + 75. Calculate the greatest common divisor of 13 and g.
13
Let x = 11 + 57. Calculate the greatest common divisor of 17 and x.
17
Let g = -2 - 0. Let o = 1 - g. Calculate the greatest common factor of